 greatest common divisor of 560 and 84?
28
What is the greatest common factor of 34 and 102?
34
What is the greatest common factor of 50 and 13490?
10
What is the highest common divisor of 18817 and 31?
31
What is the greatest common factor of 2136 and 24?
24
What is the highest common factor of 4 and 2532?
4
Calculate the highest common factor of 63 and 108.
9
What is the greatest common factor of 112 and 532?
28
What is the greatest common factor of 120 and 330?
30
What is the greatest common divisor of 56 and 40?
8
Calculate the highest common divisor of 273 and 39.
39
Calculate the greatest common divisor of 24 and 102.
6
What is the greatest common factor of 572 and 208?
52
What is the greatest common divisor of 114 and 5358?
114
Calculate the highest common divisor of 63 and 207.
9
What is the highest common divisor of 16 and 144?
16
What is the highest common divisor of 213 and 923?
71
Calculate the greatest common factor of 8 and 4360.
8
Calculate the greatest common factor of 13 and 89362.
13
What is the highest common divisor of 80 and 1360?
80
What is the highest common divisor of 189 and 7479?
27
What is the greatest common factor of 246 and 72?
6
Calculate the highest common factor of 97 and 25705.
97
What is the greatest common factor of 1616 and 32?
16
What is the highest common factor of 55 and 407?
11
What is the greatest common divisor of 459 and 135?
27
Calculate the highest common divisor of 870 and 8526.
174
What is the greatest common factor of 221 and 39?
13
What is the greatest common factor of 18918 and 90?
18
Calculate the highest common factor of 108 and 3753.
27
Calculate the highest common factor of 1760 and 7700.
220
What is the greatest common divisor of 3645 and 18?
9
Calculate the highest common factor of 18 and 48.
6
Calculate the greatest common divisor of 522 and 90.
18
Calculate the greatest common factor of 80 and 1280.
80
Calculate the greatest common divisor of 108 and 48.
12
Calculate the highest common factor of 36 and 1476.
36
Calculate the greatest common divisor of 22 and 4994.
22
What is the highest common factor of 14 and 22?
2
What is the highest common factor of 15171 and 39?
39
Calculate the greatest common divisor of 44 and 583.
11
What is the greatest common factor of 989 and 43?
43
What is the highest common divisor of 1168 and 64?
16
Calculate the greatest common factor of 234 and 26.
26
What is the highest common factor of 66 and 30?
6
Calculate the highest common factor of 38 and 1083.
19
What is the highest common divisor of 7857 and 243?
81
What is the highest common factor of 63090 and 90?
90
Calculate the greatest common divisor of 12 and 9.
3
What is the highest common divisor of 46 and 1?
1
Calculate the greatest common factor of 1539 and 81.
81
What is the greatest common factor of 690 and 989?
23
Calculate the highest common divisor of 203 and 116.
29
Calculate the highest common factor of 1209 and 2883.
93
What is the highest common factor of 667 and 29?
29
What is the greatest common factor of 1081 and 92?
23
What is the highest common factor of 504 and 216?
72
What is the highest common factor of 230 and 80?
10
What is the highest common divisor of 538 and 10?
2
What is the highest common divisor of 66 and 21219?
33
What is the highest common divisor of 210 and 935?
5
Calculate the greatest common divisor of 176 and 88.
88
What is the highest common divisor of 536 and 24?
8
Calculate the highest common divisor of 1876 and 14.
14
Calculate the greatest common divisor of 13851 and 57.
57
Calculate the highest common divisor of 45 and 9.
9
What is the greatest common divisor of 5829 and 261?
87
What is the highest common divisor of 2187 and 27?
27
Calculate the highest common factor of 1488 and 31.
31
What is the greatest common factor of 57 and 38?
19
What is the greatest common divisor of 192 and 9664?
64
Calculate the highest common factor of 57 and 11.
1
Calculate the greatest common factor of 2720 and 1870.
170
What is the greatest common factor of 81 and 6?
3
Calculate the greatest common divisor of 33 and 132.
33
What is the highest common divisor of 5814 and 2394?
342
What is the highest common divisor of 2077 and 134?
67
What is the highest common divisor of 129 and 43?
43
Calculate the highest common factor of 770 and 490.
70
What is the greatest common divisor of 34 and 374?
34
Calculate the highest common divisor of 18 and 954.
18
Calculate the greatest common divisor of 2946 and 6.
6
What is the highest common divisor of 112 and 80?
16
What is the greatest common divisor of 368 and 322?
46
Calculate the highest common divisor of 67706 and 97.
97
What is the highest common factor of 66 and 671?
11
Calculate the highest common divisor of 144 and 72.
72
Calculate the greatest common factor of 33274 and 254.
254
What is the highest common divisor of 459 and 255?
51
Calculate the highest common factor of 9 and 1719.
9
What is the greatest common factor of 95 and 646?
19
What is the highest common factor of 5 and 10?
5
What is the highest common divisor of 28375 and 227?
227
Calculate the highest common divisor of 1253 and 7.
7
Calculate the highest common factor of 31 and 31.
31
What is the greatest common divisor of 14 and 203?
7
What is the highest common divisor of 483 and 92?
23
Calculate the greatest common divisor of 1096 and 16.
8
What is the highest common factor of 30 and 174?
6
What is the highest common factor of 25 and 14700?
25
Calculate the greatest common divisor of 1192 and 894.
298
What is the greatest common factor of 1272 and 106?
106
What is the greatest common factor of 3 and 9?
3
What is the highest common factor of 34540 and 132?
44
Calculate the highest common divisor of 260 and 494.
26
What is the greatest common divisor of 90 and 10?
10
Calculate the greatest common divisor of 315 and 126.
63
Calculate the greatest common factor of 864 and 64.
32
What is the highest common divisor of 2257 and 122?
61
Calculate the highest common factor of 1635 and 15.
15
What is the greatest common divisor of 187 and 242?
11
Calculate the highest common factor of 53 and 53.
53
Calculate the highest common factor of 135 and 905.
5
Calculate the highest common divisor of 20 and 1245.
5
What is the highest common divisor of 676 and 52?
52
Calculate the highest common factor of 6 and 177.
3
Calculate the greatest common divisor of 77 and 209.
11
What is the greatest common factor of 8508 and 12?
12
What is the highest common factor of 12 and 192?
12
Calculate the highest common divisor of 8 and 7.
1
What is the greatest common divisor of 47 and 4?
1
Calculate the greatest common factor of 77 and 13.
1
What is the highest common divisor of 8047 and 13?
13
What is the greatest common factor of 75 and 125?
25
What is the highest common factor of 91 and 21749?
91
Calculate the greatest common factor of 2304 and 90.
18
Calculate the highest common factor of 351 and 99.
9
Calculate the highest common divisor of 2 and 238.
2
Calculate the greatest common factor of 36 and 228.
12
Calculate the greatest common divisor of 374 and 3077.
17
Calculate the greatest common divisor of 39 and 31239.
39
Calculate the highest common divisor of 24 and 496.
8
Calculate the greatest common factor of 82 and 1886.
82
Calculate the greatest common factor of 90 and 8010.
90
What is the greatest common factor of 238 and 28?
14
Calculate the greatest common factor of 18 and 234.
18
Calculate the highest common factor of 104 and 72.
8
What is the highest common divisor of 350 and 10?
10
Calculate the highest common divisor of 803 and 121.
11
What is the greatest common divisor of 285 and 15?
15
What is the highest common divisor of 336 and 420?
84
What is the highest common factor of 20 and 15?
5
Calculate the highest common divisor of 6105 and 110.
55
What is the greatest common divisor of 368 and 23?
23
Calculate the highest common divisor of 879 and 3.
3
Calculate the greatest common divisor of 2304 and 36.
36
Calculate the greatest common divisor of 376 and 32.
8
What is the highest common factor of 187 and 17?
17
What is the highest common divisor of 8416 and 32?
32
What is the highest common factor of 30 and 426?
6
Calculate the greatest common factor of 8 and 3688.
8
What is the highe